{"id":176,"date":"2019-03-26T16:47:01","date_gmt":"2019-03-26T16:47:01","guid":{"rendered":"https:\/\/tyeimportperu.com\/?page_id=176"},"modified":"2019-04-12T22:50:17","modified_gmt":"2019-04-12T22:50:17","slug":"vehiculos-pesados","status":"publish","type":"page","link":"https:\/\/tyeimportperu.com\/index.php\/vehiculos-pesados\/","title":{"rendered":"Veh\u00edculos pesados"},"content":{"rendered":"<p>[vc_row css=&#8221;.vc_custom_1553605346441{background-image: url(https:\/\/tyeimportperu.com\/wp-content\/uploads\/2019\/01\/bannerpesada.png?id=115) !important;}&#8221;][vc_column][vc_empty_space height=&#8221;30px&#8221;][vc_column_text]<\/p>\n<h1 style=\"text-align: center;\"><span style=\"color: #f26101;\"><strong>Veh\u00edculos pesados<\/strong><\/span><\/h1>\n<p>[\/vc_column_text][vc_empty_space height=&#8221;30px&#8221;][\/vc_column][\/vc_row][vc_row][vc_column][vc_column_text]<\/p>\n<p style=\"text-align: center;\"><span style=\"vertical-align: inherit;\">Contamos con repuestos para su veh\u00edculo como:<\/span><\/p>\n<p style=\"text-align: center;\"><span style=\"vertical-align: inherit;\">Pistones &#8211; Anillos de pist\u00f3n &#8211; Camisa de motor &#8211; Kit de motor &#8211; Cojinetes &#8211; Empaquetaduras &#8211; V\u00e1lvulas de motor &#8211; Gu\u00edas de motor &#8211; Bombas de agua &#8211; Aceite combustible &#8211; Fajas de Distribuci\u00f3n &#8211; Platos de frenos &#8211; Disco de embrague &#8211; Collarines de embragues &#8211; Culata de motor &#8211; Cigue\u00f1al &#8211; Eje de levas.<\/span><\/p>\n<p>[\/vc_column_text][vc_empty_space][\/vc_column][\/vc_row][vc_row css=&#8221;.vc_custom_1553608094428{background-position: center !important;background-repeat: no-repeat !important;background-size: cover !important;}&#8221;][vc_column width=&#8221;1\/2&#8243;][vc_column_text]<\/p>\n<h3 style=\"text-align: center;\"><span style=\"color: #304269;\"><strong><span style=\"vertical-align: inherit;\"><span style=\"vertical-align: inherit;\">Seguridad y garant\u00eda<\/span><\/span><\/strong><\/span><\/h3>\n<p>[\/vc_column_text][vc_column_text]<\/p>\n<p style=\"text-align: center;\"><span style=\"color: #304269;\"><strong><span style=\"vertical-align: inherit;\"><span style=\"vertical-align: inherit;\">Todos nuestros repuestos cuentan <\/span><\/span><\/strong><\/span><\/p>\n<p style=\"text-align: center;\"><span style=\"color: #304269;\"><strong><span style=\"vertical-align: inherit;\"><span style=\"vertical-align: inherit;\">con garant\u00eda y<\/span><\/span><\/strong><\/span><\/p>\n<p style=\"text-align: center;\"><span style=\"color: #304269;\"><strong><span style=\"vertical-align: inherit;\"><span style=\"vertical-align: inherit;\"> la m\u00e1s alta calidad, trabajamos con los mejores <\/span><\/span><\/strong><\/span><\/p>\n<p style=\"text-align: center;\"><span style=\"color: #304269;\"><strong><span style=\"vertical-align: inherit;\"><span style=\"vertical-align: inherit;\">Productos importados.<\/span><\/span><\/strong><\/span><\/p>\n<p>[\/vc_column_text][\/vc_column][vc_column width=&#8221;1\/2&#8243; css=&#8221;.vc_custom_1553608184542{background-position: center !important;background-repeat: no-repeat !important;background-size: cover !important;}&#8221;][vc_single_image image=&#8221;178&#8243; img_size=&#8221;large&#8221; alignment=&#8221;center&#8221; style=&#8221;vc_box_rounded&#8221;][\/vc_column][\/vc_row][vc_row][vc_column width=&#8221;1\/2&#8243;][vc_single_image image=&#8221;61&#8243; img_size=&#8221;full&#8221; alignment=&#8221;center&#8221; css_animation=&#8221;bounceIn&#8221;][\/vc_column][vc_column width=&#8221;1\/2&#8243;][vc_tta_accordion active_section=&#8221;1&#8243; title=&#8221;Case 1H&#8221;][vc_tta_section title=&#8221;Modelos&#8221; tab_id=&#8221;1553608690434-2c297b1a-cb61&#8243;][vc_column_text]B250-BD144<br \/>\nB450-BD144<br \/>\n238-D155<br \/>\n485-D179<\/p>\n<p>574-D239<br \/>\n6BS-D239<br \/>\n8BS-D268<br \/>\n995-D358<\/p>\n<p>785-D246<br \/>\n645-D206[\/vc_column_text][\/vc_tta_section][\/vc_tta_accordion][\/vc_column][\/vc_row][vc_row][vc_column][vc_empty_space][\/vc_column][\/vc_row][vc_row][vc_column width=&#8221;1\/2&#8243;][vc_single_image image=&#8221;64&#8243; img_size=&#8221;full&#8221; alignment=&#8221;center&#8221; css_animation=&#8221;bounceIn&#8221;][\/vc_column][vc_column width=&#8221;1\/2&#8243;][vc_tta_accordion active_section=&#8221;1&#8243; title=&#8221;Commins&#8221;][vc_tta_section title=&#8221;Modelos&#8221; tab_id=&#8221;1553609581511-6e7c27b0-ffeb&#8221;][vc_column_text]4BT-3.9L<br \/>\n6BT<br \/>\n6CT-83L<br \/>\nBTA<br \/>\nMII-LII<br \/>\nB-5.9L<br \/>\nQSB-5.9L<br \/>\nQSB-6.7L<br \/>\nQSB-4ST<br \/>\nC-83L<\/p>\n<p>QSC-83L<br \/>\nC-83 GAS<br \/>\nISC<br \/>\nNT885<br \/>\nNT350[\/vc_column_text][\/vc_tta_section][\/vc_tta_accordion][\/vc_column][\/vc_row][vc_row][vc_column][vc_empty_space][\/vc_column][\/vc_row][vc_row][vc_column width=&#8221;1\/2&#8243;][vc_single_image image=&#8221;66&#8243; img_size=&#8221;full&#8221; alignment=&#8221;center&#8221; css_animation=&#8221;bounceIn&#8221;][\/vc_column][vc_column width=&#8221;1\/2&#8243;][vc_tta_accordion active_section=&#8221;1&#8243; title=&#8221;Deutz&#8221;][vc_tta_section title=&#8221;Modelos&#8221; tab_id=&#8221;1553609984605-a76eb6ed-9b4c&#8221;][vc_column_text]F3L912<br \/>\nF3L913<br \/>\nF4L912<br \/>\nF4L913<br \/>\nF6L912<br \/>\nF6L913<\/p>\n<p>BF6L913<br \/>\nBF4L912<br \/>\n1013<br \/>\n2012<br \/>\n2011<br \/>\n1012[\/vc_column_text][\/vc_tta_section][\/vc_tta_accordion][\/vc_column][\/vc_row][vc_row][vc_column][vc_empty_space][\/vc_column][\/vc_row][vc_row][vc_column width=&#8221;1\/2&#8243;][vc_single_image image=&#8221;191&#8243; img_size=&#8221;full&#8221; alignment=&#8221;center&#8221; css_animation=&#8221;bounceIn&#8221;][\/vc_column][vc_column width=&#8221;1\/2&#8243;][vc_tta_accordion active_section=&#8221;1&#8243; title=&#8221;Iveco&#8221;][vc_tta_section title=&#8221;Modelos&#8221; tab_id=&#8221;1553610249249-0e614362-a960&#8243;][vc_column_text]350-8025.02<br \/>\n666-8045.02<br \/>\n780-8045-04<br \/>\n100-90DT-8065.06<br \/>\n115-90-8065.05<br \/>\n180-90-8865.25<br \/>\n6066.8035.05<br \/>\n70-66-8045.06<br \/>\nFR20-8210.02<br \/>\n8090DT-8045.02<br \/>\nF11I-8065.05[\/vc_column_text][\/vc_tta_section][\/vc_tta_accordion][\/vc_column][\/vc_row][vc_row][vc_column][vc_empty_space][\/vc_column][\/vc_row][vc_row][vc_column width=&#8221;1\/2&#8243;][vc_single_image image=&#8221;71&#8243; img_size=&#8221;full&#8221; alignment=&#8221;center&#8221; css_animation=&#8221;bounceIn&#8221;][\/vc_column][vc_column width=&#8221;1\/2&#8243;][vc_tta_accordion active_section=&#8221;1&#8243; title=&#8221;New Holland&#8221;][vc_tta_section title=&#8221;Modelos&#8221; tab_id=&#8221;1553616731253-2c3f0390-14af&#8221;][vc_column_text]4400<br \/>\n5000<br \/>\n3000<br \/>\n4200<br \/>\n7000<br \/>\n7740<br \/>\n8000<br \/>\n9000<br \/>\nTW20<br \/>\n661D<br \/>\n5610<br \/>\n5640<br \/>\n5700<br \/>\nTW25<br \/>\nMAJOR[\/vc_column_text][\/vc_tta_section][\/vc_tta_accordion][\/vc_column][\/vc_row][vc_row][vc_column][vc_empty_space][\/vc_column][\/vc_row][vc_row][vc_column width=&#8221;1\/2&#8243;][vc_single_image image=&#8221;69&#8243; img_size=&#8221;full&#8221; alignment=&#8221;center&#8221; css_animation=&#8221;bounceIn&#8221;][\/vc_column][vc_column width=&#8221;1\/2&#8243;][vc_tta_accordion active_section=&#8221;1&#8243; title=&#8221;John Deer&#8221;][vc_tta_section title=&#8221;Modelos&#8221; tab_id=&#8221;1553617176436-24b32d8c-862e&#8221;][vc_column_text]1630-3179D<br \/>\n2030-4219D<br \/>\n2040-4239D<br \/>\n2650-4239T<br \/>\n3210-4039D<br \/>\n3310-4045D<br \/>\n4255-6076D<br \/>\nPOWERTECH.4ST 4045D<br \/>\nPOWERTECH.6.8T<br \/>\nPOWERTECH.29T[\/vc_column_text][\/vc_tta_section][\/vc_tta_accordion][\/vc_column][\/vc_row][vc_row][vc_column][vc_empty_space][\/vc_column][\/vc_row][vc_row][vc_column width=&#8221;1\/2&#8243;][vc_single_image image=&#8221;192&#8243; img_size=&#8221;full&#8221; alignment=&#8221;center&#8221; css_animation=&#8221;bounceIn&#8221;][\/vc_column][vc_column width=&#8221;1\/2&#8243;][vc_tta_accordion active_section=&#8221;1&#8243; title=&#8221;LIster&#8221;][vc_tta_section title=&#8221;Modelos&#8221; tab_id=&#8221;1553617413008-8fc2652b-ff13&#8243;][vc_column_text]SR-1.2.3<br \/>\nHA-1.2.3<br \/>\nST-1.2.3<br \/>\nTR-1.2.3<br \/>\nHR-1.2.3<br \/>\nSL-1.2.3[\/vc_column_text][\/vc_tta_section][\/vc_tta_accordion][\/vc_column][\/vc_row][vc_row][vc_column][vc_empty_space][\/vc_column][\/vc_row][vc_row][vc_column width=&#8221;1\/2&#8243;][vc_single_image image=&#8221;193&#8243; img_size=&#8221;full&#8221; alignment=&#8221;center&#8221; css_animation=&#8221;bounceIn&#8221;][\/vc_column][vc_column width=&#8221;1\/2&#8243;][vc_tta_accordion active_section=&#8221;1&#8243; title=&#8221;Massey ferguson&#8221;][vc_tta_section title=&#8221;Moedelos&#8221; tab_id=&#8221;1553617710461-d49a7736-84d2&#8243;][vc_column_text]152-AD3.152<br \/>\n158-1D4.203<br \/>\n175-A4.236<br \/>\n185-A4246<br \/>\n285-A4248<br \/>\n4260-1006.6<br \/>\n4245-1004.4T<br \/>\n3610-A6.354.4<br \/>\n3630-AT6.354.4[\/vc_column_text][\/vc_tta_section][\/vc_tta_accordion][\/vc_column][\/vc_row][vc_row][vc_column][vc_empty_space][\/vc_column][\/vc_row][vc_row][vc_column width=&#8221;1\/2&#8243;][vc_single_image image=&#8221;72&#8243; img_size=&#8221;full&#8221; alignment=&#8221;center&#8221; css_animation=&#8221;bounceIn&#8221;][\/vc_column][vc_column width=&#8221;1\/2&#8243;][vc_tta_accordion active_section=&#8221;1&#8243; title=&#8221;Perkins&#8221;][vc_tta_section title=&#8221;Modelos&#8221; tab_id=&#8221;1553619018613-2ec54ea6-8e36&#8243;][vc_column_text]3.152<br \/>\n4.203<br \/>\n6.305<br \/>\n4.108<br \/>\n4.107<br \/>\n4.236<br \/>\n4.248<br \/>\nt4.236<br \/>\n1104<br \/>\n1103<br \/>\n1106<br \/>\n1006.6<br \/>\n1004.4<br \/>\n6.354.4<br \/>\nT6.354.4[\/vc_column_text][\/vc_tta_section][\/vc_tta_accordion][\/vc_column][\/vc_row][vc_row][vc_column][vc_empty_space][\/vc_column][\/vc_row][vc_row][vc_column width=&#8221;1\/2&#8243;][vc_single_image image=&#8221;70&#8243; img_size=&#8221;full&#8221; alignment=&#8221;center&#8221; css_animation=&#8221;bounceIn&#8221;][\/vc_column][vc_column width=&#8221;1\/2&#8243;][vc_tta_accordion active_section=&#8221;1&#8243; title=&#8221;MWM&#8221;][vc_tta_section title=&#8221;Modelos&#8221; tab_id=&#8221;1553619095164-a09c2f66-85fe&#8221;][vc_column_text]D229<br \/>\nTD229<br \/>\nTD226<br \/>\nD225<br \/>\n4.10<br \/>\n6.10<br \/>\n4.12<br \/>\n6.12[\/vc_column_text][\/vc_tta_section][\/vc_tta_accordion][\/vc_column][\/vc_row][vc_row][vc_column][vc_empty_space][\/vc_column][\/vc_row][vc_row][vc_column width=&#8221;1\/2&#8243;][vc_single_image image=&#8221;63&#8243; img_size=&#8221;full&#8221; alignment=&#8221;center&#8221; css_animation=&#8221;bounceIn&#8221;][\/vc_column][vc_column width=&#8221;1\/2&#8243;][vc_tta_accordion active_section=&#8221;1&#8243; title=&#8221;Komatsu&#8221;][vc_tta_section title=&#8221;Modelos&#8221; tab_id=&#8221;1553619379848-f26e02ff-8cb4&#8243;][vc_column_text]6D95<br \/>\n4D95<br \/>\n6D102<br \/>\n4D102<br \/>\n6D105<br \/>\n4D105<br \/>\n4D108<br \/>\n6D108<br \/>\n6D125<br \/>\n6D140<br \/>\n6D110[\/vc_column_text][\/vc_tta_section][\/vc_tta_accordion][\/vc_column][\/vc_row][vc_row][vc_column][vc_empty_space][vc_cta h2=&#8221;Hey! Si no encontraste aqu\u00ed tu modelo de motor. escr\u00edbenos al whatsapp&#8221; add_button=&#8221;bottom&#8221; btn_title=&#8221;Whatsapp&#8221; btn_link=&#8221;url:https%3A%2F%2Fapi.whatsapp.com%2Fsend%3Fphone%3D51952871612%26text%3DTyE%2520Import%2520Per%25C3%25BA|||&#8221;][\/vc_cta][vc_empty_space][\/vc_column][\/vc_row][vc_row css=&#8221;.vc_custom_1553779023373{background-image: url(https:\/\/tyeimportperu.com\/wp-content\/uploads\/2019\/01\/bannercamioneta.png?id=114) !important;}&#8221;][vc_column width=&#8221;1\/2&#8243; css=&#8221;.vc_custom_1553778999440{background-image: url(https:\/\/tyeimportperu.com\/wp-content\/uploads\/2019\/01\/banner-.png?id=112) !important;background-position: center !important;background-repeat: no-repeat !important;background-size: cover !important;}&#8221;][vc_column_text]<\/p>\n<h2 style=\"text-align: center;\"><span style=\"color: #f26101;\"><strong><span style=\"vertical-align: inherit;\">Camiones<\/span><\/strong><\/span><\/h2>\n<p>[\/vc_column_text][vc_btn title=&#8221;Productos&#8221; style=&#8221;outline&#8221; color=&#8221;white&#8221; align=&#8221;center&#8221; link=&#8221;url:https%3A%2F%2Ftyeimportperu.com%2Findex.php%2Fcamiones%2F|||&#8221;][\/vc_column][vc_column width=&#8221;1\/2&#8243;][vc_column_text]<\/p>\n<h2 style=\"text-align: center;\"><span style=\"color: #f26101;\"><strong><span style=\"vertical-align: inherit;\"><span style=\"vertical-align: inherit;\"><span style=\"vertical-align: inherit;\">Veh\u00edculos livianos<\/span><\/span><\/span><\/strong><\/span><\/h2>\n<p>[\/vc_column_text][vc_btn title=&#8221;Productos&#8221; style=&#8221;outline&#8221; color=&#8221;white&#8221; align=&#8221;center&#8221; link=&#8221;url:https%3A%2F%2Ftyeimportperu.com%2Findex.php%2Fvehiculos-livianos%2F|||&#8221;][\/vc_column][\/vc_row][vc_row][vc_column][vc_empty_space][\/vc_column][\/vc_row][vc_row full_width=&#8221;stretch_row_content_no_spaces&#8221; css=&#8221;.vc_custom_1555108650795{background-color: #f26101 !important;}&#8221;][vc_column width=&#8221;1\/3&#8243;][vc_single_image image=&#8221;169&#8243; img_size=&#8221;medium&#8221; alignment=&#8221;center&#8221;][\/vc_column][vc_column width=&#8221;1\/3&#8243; css=&#8221;.vc_custom_1553807641726{margin-left: 20px !important;border-left-width: 20px !important;padding-left: 20px !important;}&#8221;][vc_column_text]<img loading=\"lazy\" decoding=\"async\" class=\"alignnone wp-image-150\" src=\"https:\/\/tyeimportperu.com\/wp-content\/uploads\/2019\/01\/telefono-01.png\" alt=\"\" width=\"30\" height=\"30\" srcset=\"https:\/\/tyeimportperu.com\/wp-content\/uploads\/2019\/01\/telefono-01.png 133w, https:\/\/tyeimportperu.com\/wp-content\/uploads\/2019\/01\/telefono-01-60x60.png 60w, https:\/\/tyeimportperu.com\/wp-content\/uploads\/2019\/01\/telefono-01-114x110.png 114w, https:\/\/tyeimportperu.com\/wp-content\/uploads\/2019\/01\/telefono-01-100x100.png 100w\" sizes=\"(max-width: 30px) 100vw, 30px\" \/><span style=\"vertical-align: inherit; color: #ffffff;\"><span style=\"vertical-align: inherit;\"><span style=\"vertical-align: inherit;\">+51 952 871 612<\/span><\/span><\/span><\/p>\n<p><img loading=\"lazy\" decoding=\"async\" class=\"alignnone wp-image-151\" src=\"https:\/\/tyeimportperu.com\/wp-content\/uploads\/2019\/01\/arroba-01.png\" alt=\"\" width=\"30\" height=\"35\" \/><span style=\"vertical-align: inherit;\">\u00a0<span style=\"color: #304269;\"><span style=\"vertical-align: inherit;\"><span style=\"vertical-align: inherit;\"><span style=\"vertical-align: inherit;\"><span style=\"vertical-align: inherit;\">ventas@tyeimportperu.com<\/span><\/span><\/span><\/span><\/span><\/span>[\/vc_column_text][\/vc_column][vc_column width=&#8221;1\/3&#8243; css=&#8221;.vc_custom_1553807688905{margin-left: 20px !important;border-left-width: 20px !important;padding-left: 20px !important;}&#8221;][vc_column_text]<\/p>\n<h4><span style=\"color: #304269;\"><strong><span style=\"vertical-align: inherit;\">Redes sociales oficiales.<\/span><\/strong><\/span><\/h4>\n<p>[\/vc_column_text][vc_column_text]<a href=\"https:\/\/www.facebook.com\/TyE-Import-Peru-2152851871464934\/?modal=admin_todo_tour\"><img loading=\"lazy\" decoding=\"async\" class=\"alignnone wp-image-160\" src=\"https:\/\/tyeimportperu.com\/wp-content\/uploads\/2019\/01\/13962-01.png\" alt=\"\" width=\"30\" height=\"31\" srcset=\"https:\/\/tyeimportperu.com\/wp-content\/uploads\/2019\/01\/13962-01.png 133w, https:\/\/tyeimportperu.com\/wp-content\/uploads\/2019\/01\/13962-01-60x60.png 60w, https:\/\/tyeimportperu.com\/wp-content\/uploads\/2019\/01\/13962-01-100x100.png 100w\" sizes=\"(max-width: 30px) 100vw, 30px\" \/><\/a><a href=\"https:\/\/api.whatsapp.com\/send?phone=51952871612&amp;text=TyE%20Import%20Per%C3%BA\"><img loading=\"lazy\" decoding=\"async\" class=\"alignnone wp-image-159\" src=\"https:\/\/tyeimportperu.com\/wp-content\/uploads\/2019\/01\/13962-02.png\" alt=\"\" width=\"30\" height=\"31\" srcset=\"https:\/\/tyeimportperu.com\/wp-content\/uploads\/2019\/01\/13962-02.png 137w, https:\/\/tyeimportperu.com\/wp-content\/uploads\/2019\/01\/13962-02-60x60.png 60w, https:\/\/tyeimportperu.com\/wp-content\/uploads\/2019\/01\/13962-02-100x100.png 100w\" sizes=\"(max-width: 30px) 100vw, 30px\" \/><\/a><img loading=\"lazy\" decoding=\"async\" class=\"alignnone wp-image-158\" src=\"https:\/\/tyeimportperu.com\/wp-content\/uploads\/2019\/01\/13962-03.png\" alt=\"\" width=\"30\" height=\"30\" srcset=\"https:\/\/tyeimportperu.com\/wp-content\/uploads\/2019\/01\/13962-03.png 145w, https:\/\/tyeimportperu.com\/wp-content\/uploads\/2019\/01\/13962-03-60x60.png 60w, https:\/\/tyeimportperu.com\/wp-content\/uploads\/2019\/01\/13962-03-114x110.png 114w, https:\/\/tyeimportperu.com\/wp-content\/uploads\/2019\/01\/13962-03-100x100.png 100w\" sizes=\"(max-width: 30px) 100vw, 30px\" \/><img loading=\"lazy\" decoding=\"async\" class=\"alignnone wp-image-157\" src=\"https:\/\/tyeimportperu.com\/wp-content\/uploads\/2019\/01\/13962-04.png\" alt=\"\" width=\"30\" height=\"30\" srcset=\"https:\/\/tyeimportperu.com\/wp-content\/uploads\/2019\/01\/13962-04.png 146w, https:\/\/tyeimportperu.com\/wp-content\/uploads\/2019\/01\/13962-04-60x60.png 60w, https:\/\/tyeimportperu.com\/wp-content\/uploads\/2019\/01\/13962-04-114x110.png 114w, https:\/\/tyeimportperu.com\/wp-content\/uploads\/2019\/01\/13962-04-100x100.png 100w\" sizes=\"(max-width: 30px) 100vw, 30px\" \/>[\/vc_column_text][\/vc_column][\/vc_row]<\/p>\n","protected":false},"excerpt":{"rendered":"<p>[vc_row css=&#8221;.vc_custom_1553605346441{background-image: url(https:\/\/tyeimportperu.com\/wp-content\/uploads\/2019\/01\/bannerpesada.png?id=115) !important;}&#8221;][vc_column][vc_empty_space height=&#8221;30px&#8221;][vc_column_text] Veh\u00edculos pesados [\/vc_column_text][vc_empty_space height=&#8221;30px&#8221;][\/vc_column][\/vc_row][vc_row][vc_column][vc_column_text] Contamos con repuestos para su veh\u00edculo como: Pistones &#8211; Anillos de pist\u00f3n &#8211; Camisa de motor &#8211; Kit de motor &#8211; [&hellip;]<\/p>\n","protected":false},"author":1,"featured_media":0,"parent":0,"menu_order":0,"comment_status":"closed","ping_status":"closed","template":"","meta":{"footnotes":""},"_links":{"self":[{"href":"https:\/\/tyeimportperu.com\/index.php\/wp-json\/wp\/v2\/pages\/176"}],"collection":[{"href":"https:\/\/tyeimportperu.com\/index.php\/wp-json\/wp\/v2\/pages"}],"about":[{"href":"https:\/\/tyeimportperu.com\/index.php\/wp-json\/wp\/v2\/types\/page"}],"author":[{"embeddable":true,"href":"https:\/\/tyeimportperu.com\/index.php\/wp-json\/wp\/v2\/users\/1"}],"replies":[{"embeddable":true,"href":"https:\/\/tyeimportperu.com\/index.php\/wp-json\/wp\/v2\/comments?post=176"}],"version-history":[{"count":23,"href":"https:\/\/tyeimportperu.com\/index.php\/wp-json\/wp\/v2\/pages\/176\/revisions"}],"predecessor-version":[{"id":236,"href":"https:\/\/tyeimportperu.com\/index.php\/wp-json\/wp\/v2\/pages\/176\/revisions\/236"}],"wp:attachment":[{"href":"https:\/\/tyeimportperu.com\/index.php\/wp-json\/wp\/v2\/media?parent=176"}],"curies":[{"name":"wp","href":"https:\/\/api.w.org\/{rel}","templated":true}]}}